0 = -4*f + 4 + c. List the prime factors of f.
2
Let h(v) = v**2 + 2*v - 18. List the prime factors of h(-6).
2, 3
List the prime factors of (0 - -2)/((-6)/(-87)).
29
Suppose -2*v = -3*b - 0 - 1, 4*v - 2*b = -2. Let x = v + 1. Suppose x = -0*c + 3*c - 30. List the prime factors of c.
2, 5
Suppose -5*c + 5 = 0, 3*k - 3*c + 20 = -1. Let m be 1*-1 + 2 + -15. Let b = k - m. List the prime factors of b.
2
Suppose 4*b = -b + 40. Let o = b - 1. List the prime factors of o.
7
What are the prime factors of 2/2*(6 - -2)?
2
Let l(m) = m - 1. Let o(u) = 20*u - 1. Let k(r) = 6*l(r) - o(r). What are the prime factors of k(-3)?
37
List the prime factors of 175/63 - 2/(-9).
3
Let c(u) = u**3 - 8*u**2 - 2*u + 6. List the prime factors of c(9).
3, 23
Let d(l) = 69*l - 1. Let j be d(-1). Let c be 1*(-28)/8*6. What are the prime factors of j/c + (-2)/(-3)?
2
Let u(m) = -35*m**3 + 3*m**2 + 7*m + 4. What are the prime factors of u(-2)?
2, 3, 47
Suppose a = -2*o + 129, a = 4*o - 0*a - 243. Let u = o + -21. Let j = u - 25. List the prime factors of j.
2
What are the prime factors of (-14 - 8)/(0/(-1) - 2)?
11
Suppose -2*l + l = -7. Let h be 23/l + (-6)/21. Suppose 4*o - 3*f = 23, 4*o - 2*f - 3 = -h*f. What are the prime factors of o?
2
Suppose -4*z + 132 = -3*g, -2*z - 56 = -3*z - 5*g. Suppose -2*b + 38 = 5*x, 0*x + 3*x + z = 3*b. What are the prime factors of b?
2, 7
Let h(i) = i**3 + 5*i**2 + 4*i. Let d be h(-4). Suppose -4*w + 2*w - 4 = d. Let m = w + 5. List the prime factors of m.
3
Let m be -3*((-18)/2)/(-3). Let f(o) = -o + 3. What are the prime factors of f(m)?
2, 3
Let c = 4 - 4. Suppose -4*j - 4 = 0, -w + c*w + 3*j - 113 = 0. List the prime factors of 1/6 + w/(-24).
5
Let a be -1 - (-1 - 0/(-1)). Suppose a = -s + 12 + 3. What are the prime factors of 3/(2 - s/9)?
3
Let t(b) = -b**3 - 7*b**2 - 8*b - 6. Let r be t(-6). Let s = r - 10. Let z(q) = 2*q**2 + 6*q + 6. List the prime factors of z(s).
2, 7
Let p = 0 - 0. Let k(o) = o**3 - o - 6. Let u be k(p). Let s = 18 + u. List the prime factors of s.
2, 3
Let j = -50 - -237. Suppose 4*g = 3*v - 87, -4*v - 3*g = 46 - j. What are the prime factors of v?
3, 11
Let o = 20 + -8. What are the prime factors of o?
2, 3
Suppose 0 = 5*n - f - 197, f = -2*n - 0*f + 76. What are the prime factors of n?
3, 13
Let c = 71 - 40. Suppose -2*j - 7 = -c. List the prime factors of j.
2, 3
Let a be -3*-1*7/3. Suppose -a*h - 20 = -3*h. Let w(g) = -g**2 - 7*g + 2. List the prime factors of w(h).
2, 3
Let f(n) = -n**3 + n**2 + 8*n + 8. List the prime factors of f(-5).
2, 59
What are the prime factors of 0 - -36 - (-5 + 1)?
2, 5
Suppose -2*p = 3*h - 29 - 77, 123 = 4*h - p. List the prime factors of h.
2
Suppose 0 = 2*p + 2*x, -2*p + 2 = -4*p - 4*x. List the prime factors of p*(-2 - -2) + 7.
7
Let s(a) = -2*a**2 + 7*a + 7. Let y be s(7). List the prime factors of (y/4)/((-2)/4).
3, 7
Let y = -28 + 32. Suppose 3*b = -b - 4*z + 240, -5*z = -y*b + 231. What are the prime factors of b?
59
Suppose 4*y - 1418 = 2*d, -2*d - 304 = -y + 49. What are the prime factors of y?
5, 71
Let v(g) = -2*g**3 - 2*g**2 + 2*g + 3. Let l = -4 + 8. Suppose -r = l*r + 10. List the prime factors of v(r).
7
Let t = -31 - -43. What are the prime factors of (22/(-6))/((-4)/t)?
11
Let w be -2 + 8 - (4 + -1). Suppose a - w*a = -30. List the prime factors of a.
3, 5
Let j(o) = 12*o**2 - 7*o - 4. What are the prime factors of j(-3)?
5
Let a be (-3 + 2)/(3/(-6)). Suppose -a*r - 1 = 1. List the prime factors of 23/2 + r/(-2).
2, 3
Let b(o) be the first derivative of -o**4/4 + 5*o**3/3 - 3*o**2/2 - o - 4. Let c = -4 - -8. List the prime factors of b(c).
3
Suppose 6*l - 13 = 5*l. What are the prime factors of l?
13
Suppose 0 = 2*v - 3*g - 3, 0 = -v + g + 1. Suppose v = k + k - 30. Suppose -k = 4*x - 9*x. What are the prime factors of x?
3
Suppose -6*y + y + 70 = 5*j, -2*j = 5*y - 73. What are the prime factors of (-12)/(-3)*y/6?
2, 5
Suppose 25*q = 21*q + 1056. List the prime factors of q.
2, 3, 11
Suppose 0*k - 4*k + 2*p = -10, 0 = 5*k + 4*p - 19. Suppose -k*b + 8 = b. List the prime factors of (9/15)/(b/30).
3
Let p(q) = q**3 + 3*q**2 - q + 2. Let m be p(-3). Suppose 10 = i - m. List the prime factors of i.
3, 5
Let f(t) = -t**2 + 11*t - 12. Suppose -6*o = -7*o + 9. What are the prime factors of f(o)?
2, 3
What are the prime factors of (-272)/((-2)/1) + -32 + 33?
137
Let m be ((-16)/(-3))/((-4)/(-6)). Let k = m + 2. What are the prime factors of k?
2, 5
Let a be (-33 - 0)*6/(-9). Suppose 2*x - 37 = -5*s + a, 4*s = 5*x + 67. List the prime factors of s.
13
Suppose -4*k = -10 - 2. Suppose 3*b + 2*p - 54 = -0*p, -3*b + k*p + 69 = 0. Let g = b - 10. List the prime factors of g.
2, 5
Let z be 2/3 + 2954/6. Let a be 14/77 - z/(-11). Suppose a = c + 2*c. List the prime factors of c.
3, 5
Suppose 8*n = -51 + 755. What are the prime factors of n?
2, 11
Let o(f) = -f**3 - 3*f**2 + f + 7. Let w be o(-5). Let c = w + -36. List the prime factors of c.
2
Suppose 142 = 5*b - 163. List the prime factors of b.
61
Let x(w) = -7*w**2. Let n be x(1). Let c be -1 + (3 - (11 - 4)). Let q = c - n. What are the prime factors of q?
2
Let w = 63 + -36. What are the prime factors of w?
3
List the prime factors of (-14)/(-35) + (372/(-10))/(-2).
19
Let t = 130 + -31. What are the prime factors of t?
3, 11
Suppose 2*d = 3*k - 52 - 81, -4 = 2*d. List the prime factors of k.
43
Suppose d + 3*x + x = 13, -2*d + 41 = 3*x. List the prime factors of d.
5
Let q(l) be the third derivative of -l**6/120 + l**5/12 + l**4/6 - 2*l**3/3 + 25*l**2. Let w be (-1)/((-18)/(-10) + -2). List the prime factors of q(w).
2
Let z(s) = 10*s**2 - 3*s. Let i be z(2). Let c = -43 - -21. Let j = i + c. What are the prime factors of j?
2, 3
Let i = 100 - 71. What are the prime factors of i?
29
Suppose -5*r + 4*q + 1215 = -84, -5*q = -r + 243. List the prime factors of r.
263
Let o = -2 + -53. Let q = 77 + o. Suppose -8 = d - q. What are the prime factors of d?
2, 7
Let h be ((-6)/5)/((-3)/(-10)). Let v be 33/6 - (-2)/h. Suppose -56 = s - v*s. What are the prime factors of s?
2, 7
Let d = 4 + 4. Let a(x) = -x**3 + 7*x**2 + 5*x - 6. Let n be a(d). List the prime factors of (3 + -2)/((-3)/n).
2, 5
Let c(r) = 39*r + 1. Let d be c(-5). List the prime factors of (-1)/4 + d/(-8).
2, 3
Let h be 3/(-6*2/(-8)). Suppose 4*r + 4*p - h*p = 4, 5*r = -5*p + 15. Let v = r - -6. What are the prime factors of v?
5
Let l(j) = 25*j - 29. List the prime factors of l(6).
11
Suppose 3*o = 4*s - 1045, 0 = -5*s + o + 739 + 570. What are the prime factors of s?
2, 131
Let g = -5 - -10. Let p(b) = -3*b**3 + 2*b - 3. Let t(d) = 4*d**3 - d**2 - 2*d + 4. Let v(m) = g*p(m) + 4*t(m). What are the prime factors of v(4)?
3
Let f = 6 + -4. Suppose -2*g - 4*h = -8, 0*g - f*g + 8 = -5*h. Suppose g = -2*w + 18. What are the prime factors of w?
7
Suppose 0 = 4*v - 12, 5*l - 5*v = -0 + 30. Suppose -h + l = -0. What are the prime factors of h?
3
What are the prime factors of (-5)/(-5) - (-1 + -32)?
2, 17
Suppose -23 = -5*y + 2*h, 3*y - h - 13 - 1 = 0. Suppose -y*w + 14 = -51. What are the prime factors of w?
13
List the prime factors of 30/(-9)*6/(-4).
5
Let s = 8 + -6. Suppose 40 = s*x + 2*x. What are the prime factors of x?
2, 5
What are the prime factors of 5136/84*7/2?
2, 107
Let r be (0 + 2)/(2/(-12)). List the prime factors of (-147)/r - 2/8.
2, 3
Let t be ((-1)/(-3))/((-4)/36). What are the prime factors of (6/5)/(t/(-20))?
2
Suppose x - 189 = -5*s, 0 = 3*s + 4*x - 177 + 67. What are the prime factors of s?
2, 19
Suppose 2*h + k = -3*k + 4, 3*h - 6 = 3*k. Let b be (3 - 1)/(h/2). Suppose -6 = -3*i, -4*x + 6 = -b*x - 2*i. What are the prime factors of x?
5
Let z(r) be the first derivative of -r**3/3 + 11*r**2/2 + 4*r - 4. List the prime factors of z(9).
2, 11
What are the prime factors of -11*(4/22 - (-46)/(-11))?
2, 11
List the prime factors of (-1)/6 + (-397)/(-6).
2, 3, 11
Suppose -8*v + 15*v - 112 = 0. What are the prime factors of v?
2
Suppose 187 = 3*s + 133. What are the prime factors of s?
2, 3
Suppose 3*g = 5*p - 19, 3*p - 16 - 2 = 4*g. Suppose -5*q - p*d + 91 = 21, 3*q = 5*d + 11. What are the prime factors of q?
2, 3
Suppose -2 - 2 = -d. Suppose d = x + x. Suppose x*y + 0*z = -2*z + 6, -4 = -2*y - 4*z. List the prime factors of y.
2
Let n be (-54)/(-